{"id":2005,"date":"2026-03-30T22:02:54","date_gmt":"2026-03-30T21:02:54","guid":{"rendered":"https:\/\/ehabcateringshop.de\/?post_type=product&#038;p=2005"},"modified":"2026-04-08T21:29:51","modified_gmt":"2026-04-08T20:29:51","slug":"belegte-halbe-broetchen-mit-emmentaler","status":"publish","type":"product","link":"https:\/\/ehabcateringshop.de\/?product=belegte-halbe-broetchen-mit-emmentaler","title":{"rendered":"Belegte halbe Br\u00f6tchen mit Emmentaler, Frischk\u00e4se &#038; Kiwi"},"content":{"rendered":"<p class=\"ds-markdown-paragraph\">\u00a0<\/p>\n<p>\u00a0 \u00a0<\/p>\n","protected":false},"excerpt":{"rendered":"<p>Frisch belegte halbe Br\u00f6tchen mit w\u00fcrzigem Emmentaler, cremigem Frischk\u00e4se &amp; fruchtiger Kiwi \u2013 auf hellem oder dunklem K\u00f6rnerbr\u00f6tchen, mit Butter &amp; Lollo Rosso.<\/p>\n<p class=\"ds-markdown-paragraph\"><strong>Allergene:<\/strong><\/p>\n<ul>\n<li>\n<p class=\"ds-markdown-paragraph\">Enth\u00e4lt: Gluten, Milchprodukte, Schalenfr\u00fcchte (Pinienkerne)<\/p>\n<\/li>\n<\/ul>\n","protected":false},"featured_media":2015,"template":"","meta":{"_glsr_average":0,"_glsr_ranking":0,"_glsr_reviews":0},"product_brand":[],"product_cat":[48,73],"product_tag":[241,62],"class_list":{"0":"post-2005","1":"product","2":"type-product","3":"status-publish","4":"has-post-thumbnail","6":"product_cat-belegte-brotchen","7":"product_cat-belegte-brotchen-vegetarisch","8":"product_tag-belegte-broetchen","9":"product_tag-vegetarisch","11":"first","12":"instock","13":"purchasable","14":"product-type-variable"},"ct_brands":[],"_links":{"self":[{"href":"https:\/\/ehabcateringshop.de\/index.php?rest_route=\/wp\/v2\/product\/2005","targetHints":{"allow":["GET"]}}],"collection":[{"href":"https:\/\/ehabcateringshop.de\/index.php?rest_route=\/wp\/v2\/product"}],"about":[{"href":"https:\/\/ehabcateringshop.de\/index.php?rest_route=\/wp\/v2\/types\/product"}],"wp:featuredmedia":[{"embeddable":true,"href":"https:\/\/ehabcateringshop.de\/index.php?rest_route=\/wp\/v2\/media\/2015"}],"wp:attachment":[{"href":"https:\/\/ehabcateringshop.de\/index.php?rest_route=%2Fwp%2Fv2%2Fmedia&parent=2005"}],"wp:term":[{"taxonomy":"product_brand","embeddable":true,"href":"https:\/\/ehabcateringshop.de\/index.php?rest_route=%2Fwp%2Fv2%2Fproduct_brand&post=2005"},{"taxonomy":"product_cat","embeddable":true,"href":"https:\/\/ehabcateringshop.de\/index.php?rest_route=%2Fwp%2Fv2%2Fproduct_cat&post=2005"},{"taxonomy":"product_tag","embeddable":true,"href":"https:\/\/ehabcateringshop.de\/index.php?rest_route=%2Fwp%2Fv2%2Fproduct_tag&post=2005"}],"curies":[{"name":"wp","href":"https:\/\/api.w.org\/{rel}","templated":true}]}}